{"id":195,"date":"2020-04-17T13:17:03","date_gmt":"2020-04-17T11:17:03","guid":{"rendered":"http:\/\/localhost\/frw\/?page_id=195"},"modified":"2020-04-17T16:56:41","modified_gmt":"2020-04-17T14:56:41","slug":"informativa-privacy","status":"publish","type":"page","link":"https:\/\/www.frosinonewireless.it\/frw\/informativa-privacy\/","title":{"rendered":"Informativa Privacy"},"content":{"rendered":"\n<h2 class=\"has-text-color wp-block-heading\" style=\"color:#dd3333\">Informativa Privacy<\/h2>\n\n\n\n<p class=\"has-text-color has-text-align-left has-very-dark-gray-color\"><strong>Informativa ai sensi e per gli effetti di cui all\u2019art. 13-14, Reg UE 2016\/679 (Regolamento Europeo in materia di protezione dei dati personali)<\/strong><\/p>\n\n\n\n<p>Gentile Cliente<\/p>\n\n\n\n<p>Desideriamo informarLa che il Reg. UE 2016\/679 (&#8220;Regolamento europeo in materia di protezione dei dati personali&#8221;) prevede la tutela delle persone e di altri soggetti e il rispetto al trattamento dei dati personali. Ai sensi degli articoli 13 e 14, pertanto, Le forniamo le seguenti informazioni:<\/p>\n\n\n\n<ol><li><strong><span class=\"has-inline-color has-very-dark-gray-color\">Finalit\u00e0, base giuridica del trattamento cui sono destinati i dati<\/span><\/strong><\/li><\/ol>\n\n\n\n<p>Il trattamento dei dati personali da Lei forniti \u00e8 finalizzato unicamente ad eseguire gli obblighi contrattuali e ad adempiere a sue specifiche richieste, nonch\u00e9 ad adempiere agli obblighi normativi, in particolare quelli contabili e fiscali.<\/p>\n\n\n\n<p><em>Per base giuridica del trattamento si intende la fonte\/origine\/giustificazione del trattamento in una norma di legge, nell\u2019adempimento di un contratto, nella soddisfazione di una richiesta dell\u2019interessato. Se \u00e8 presente un obbligo legale o contrattuale occorre fornire indicazioni pi\u00f9 precise.&nbsp;<\/em><\/p>\n\n\n\n<p>\u00a0Ai fini dell\u2019indicato trattamento, il titolare potr\u00e0 venire a conoscenza di dati definiti \u201csensibili\u201d ai sensi del\u00a0<strong>Reg UE 2016\/679<\/strong>, quali quelli idonei a rivelare l\u2019origine razziale od etnica, le convinzioni religiose, filosofiche o di altro genere, le opinioni politiche, l\u2019adesione ai partiti, sindacati, associazioni od organizzazioni a carattere religioso, filosofico, politico o sindacale, lo stato di salute e la vita sessuale. <\/p>\n\n\n\n<ol start=\"2\"><li><strong><span class=\"has-inline-color has-very-dark-gray-color\">Modalit\u00e0 del trattamento<\/span><\/strong><\/li><\/ol>\n\n\n\n<p>In relazione alle indicate finalit\u00e0 i Suoi dati sono oggetto di trattamento informatico e cartaceo. Le operazioni di trattamento sono attuate in modo da garantire la sicurezza logica, fisica e la riservatezza dei Suoi dati personali.<\/p>\n\n\n\n<ol start=\"3\"><li><strong><span class=\"has-inline-color has-very-dark-gray-color\">Legittimi interessi perseguiti dal titolare del trattamento o da terzi<\/span><\/strong><\/li><\/ol>\n\n\n\n<p>I dati vengono raccolti e lavorati per espletare le procedure di assistenza informatica, nonch\u00e9 amministrative e contabili.<\/p>\n\n\n\n<ol start=\"4\"><li><strong><span class=\"has-inline-color has-very-dark-gray-color\">Natura dei dati personali<\/span><\/strong><\/li><\/ol>\n\n\n\n<p>Costituiscono oggetto di trattamento i Suoi dati personali, sensibili e giudiziari, inerenti lo svolgimento del servizio da Lei richiesto.<\/p>\n\n\n\n<p>Durante l\u2019erogazione del servizio potrebbe essere necessario acquisire ed effettuare operazioni di trattamento dei Suoi dati personali sensibili e giudiziari. Le viene richiesto di esprimere il relativo consenso in forma scritta.<\/p>\n\n\n\n<ol start=\"5\"><li><strong><span class=\"has-inline-color has-very-dark-gray-color\">Natura obbligatoria o facoltativa del conferimento<\/span><\/strong><\/li><\/ol>\n\n\n\n<p>Il conferimento dei Suoi dati personali e sensibili, non ha natura obbligatoria, ma l\u2019eventuale rifiuto potrebbe rendere impossibile o estremamente difficoltoso l\u2019erogazione dei servizi da Lei richiesti.<\/p>\n\n\n\n<ol start=\"6\"><li><strong><span class=\"has-inline-color has-very-dark-gray-color\">Ambito di comunicazione e diffusione dei dati<\/span><\/strong><\/li><\/ol>\n\n\n\n<p>I Suoi dati potranno essere comunicati a:<\/p>\n\n\n\n<ul><li>tutti i soggetti cui la facolt\u00e0 di accesso a tali dati \u00e8 riconosciuta in forza di provvedimenti normativi;<\/li><li>ai nostri collaboratori, dipendenti, nell&#8217;ambito delle relative mansioni;<\/li><li>a tutte quelle persone fisiche e\/o giuridiche, pubbliche e\/o private quando la comunicazione risulti necessaria o funzionale allo svolgimento della nostra attivit\u00e0 e nei modi e per le finalit\u00e0 sopra illustrate;<\/li><\/ul>\n\n\n\n<ol start=\"7\"><li><strong><span class=\"has-inline-color has-very-dark-gray-color\">Modalit\u00e0 e durata conservazione dei dati personali<\/span><\/strong><\/li><\/ol>\n\n\n\n<p>I dati saranno conservati nel rispetto del Regolamento per un periodo pari alla durata del contratto.<\/p>\n\n\n\n<ol start=\"8\"><li><strong><span class=\"has-inline-color has-very-dark-gray-color\">Estremi identificativi del titolare, responsabile e del Privacy Officer<\/span><\/strong><\/li><\/ol>\n\n\n\n<ul><li>Il titolare del trattamento dati \u00e8 il Presidente del CDA<\/li><li>Responsabile del trattamento dati \u00e8 il sig. Daniele Bianchi<\/li><li>DPO (responsabile della protezione dati) \u00e8 il sig. Alessandro Vinci<\/li><\/ul>\n\n\n\n<div class=\"wp-block-group\"><div class=\"wp-block-group__inner-container is-layout-flow wp-block-group-is-layout-flow\">\n<ol start=\"9\"><li><strong><span class=\"has-inline-color has-very-dark-gray-color\">Diritti dell\u2019interessato<\/span><\/strong><\/li><\/ol>\n<\/div><\/div>\n\n\n<p style=\"padding-left: 80px;\">9.1 \u00a0\u00a0<span style=\"color: #333333;\"><strong>Art. 15 (diritto di accesso), 16 (diritto di rettifica) del Reg. UE 2016\/679<\/strong><\/span><\/p>\n\n<p style=\"padding-left: 80px;\">L&#8217;interessato ha il diritto di ottenere dal titolare del trattamento la cancellazione dei dati personali che lo riguardano senza ingiustificato ritardo e il titolare del trattamento ha l&#8217;obbligo di cancellare senza ingiustificato ritardo i dati personali, se sussiste uno dei motivi seguenti:<\/p>\n\n\n\n<ol>\n<li style=\"list-style-type: none;\">\n<ol>\n<li style=\"list-style-type: none;\">\n<ol>\n<li>le finalit\u00e0 del trattamento;<\/li>\n<li>le categorie di dati personali in questione;<\/li>\n<li>i destinatari o le categorie di destinatari a cui i dati personali sono stati o saranno comunicati, in particolare se destinatari di paesi terzi o organizzazioni internazionali;<\/li>\n<li>il periodo di conservazione dei dati personali previsto oppure, se non \u00e8 possibile, i criteri utilizzati per determinare tale periodo;<\/li>\n<li>l&#8217;esistenza del diritto dell&#8217;interessato di chiedere al titolare del trattamento la rettifica o la cancellazione dei dati personali o la limitazione del trattamento dei dati personali che lo riguardano o di opporsi al loro trattamento;<\/li>\n<li>il diritto di proporre reclamo a un&#8217;autorit\u00e0 di controllo;<\/li>\n<li>l&#8217;esistenza di un processo decisionale automatizzato, compresa la profilazione e, almeno in tali casi, informazioni significative sulla logica utilizzata, nonch\u00e9 l&#8217;importanza e le conseguenze previste di tale trattamento per l&#8217;interessato.<\/li>\n<\/ol>\n<\/li>\n<\/ol>\n<\/li>\n<\/ol>\n\n<p style=\"padding-left: 80px;\">9.2 \u00a0<span style=\"color: #333333;\"><strong>Diritto di cui all\u2019art. 17 del Reg. UE 2016\/679<\/strong> &#8211; <strong>diritto alla cancellazione<\/strong> (\u00abdiritto all&#8217;oblio\u00bb)<\/span><\/p>\n\n<p style=\"padding-left: 80px;\">L&#8217;interessato ha il diritto di ottenere dal titolare del trattamento la cancellazione dei dati personali che lo riguardano senza ingiustificato ritardo e il titolare del trattamento ha l&#8217;obbligo di cancellare senza ingiustificato ritardo i dati personali, se sussiste uno dei motivi seguenti:<\/p>\n\n<ol>\n<li style=\"list-style-type: none;\">\n<ol>\n<li style=\"list-style-type: none;\">\n<ol>\n<li>i dati personali non sono pi\u00f9 necessari rispetto alle finalit\u00e0 per le quali sono stati raccolti o altrimenti trattati;<\/li>\n<li>l&#8217;interessato revoca il consenso su cui si basa il trattamento conformemente all&#8217;articolo 6, paragrafo 1, lettera a), o all&#8217;articolo 9, paragrafo 2, lettera a), e se non sussiste altro fondamento giuridico per il trattamento;<\/li>\n<li>l&#8217;interessato si oppone al trattamento ai sensi dell&#8217;articolo 21, paragrafo 1, e non sussiste alcun motivo legittimo prevalente per procedere al trattamento, oppure si oppone al trattamento ai sensi dell&#8217;articolo 21, paragrafo 2;<\/li>\n<li>i dati personali sono stati trattati illecitamente;<\/li>\n<li>i dati personali devono essere cancellati per adempiere un obbligo legale previsto dal diritto dell&#8217;Unione o dello Stato membro cui \u00e8 soggetto il titolare del trattamento;<\/li>\n<li>i dati personali sono stati raccolti relativamente all&#8217;offerta di servizi della societ\u00e0 dell&#8217;informazione di cui all&#8217;articolo 8, paragrafo 1 del Reg. UE 2016\/679.<\/li>\n<\/ol>\n<\/li>\n<\/ol>\n<\/li>\n<\/ol>\n\n<p style=\"padding-left: 80px;\">9.3 \u00a0 <span style=\"color: #333333;\"><strong>Diritto di cui all\u2019 art. 18 Diritto di limitazione di trattamento<\/strong><\/span><\/p>\n<p style=\"padding-left: 80px;\">L&#8217;interessato ha il diritto di ottenere dal titolare del trattamento la limitazione del trattamento quando ricorre una delle seguenti ipotesi:<\/p>\n<ol>\n<li style=\"list-style-type: none;\">\n<ol>\n<li style=\"list-style-type: none;\">\n<ol>\n<li>l&#8217;interessato contesta l&#8217;esattezza dei dati personali, per il periodo necessario al titolare del trattamento per verificare l&#8217;esattezza di tali dati personali;<\/li>\n<li>il trattamento \u00e8 illecito e l&#8217;interessato si oppone alla cancellazione dei dati personali e chiede invece che ne sia limitato l&#8217;utilizzo;<\/li>\n<li>bench\u00e9 il titolare del trattamento non ne abbia pi\u00f9 bisogno ai fini del trattamento, i dati personali sono necessari all&#8217;interessato per l&#8217;accertamento, l&#8217;esercizio o la difesa di un diritto in sede giudiziaria;<\/li>\n<li>l&#8217;interessato si \u00e8 opposto al trattamento ai sensi dell&#8217;articolo 21, paragrafo 1, Reg UE 2016\/679 in attesa della verifica in merito all&#8217;eventuale prevalenza dei motivi legittimi del titolare del trattamento rispetto a quelli dell&#8217;interessato.<\/li>\n<\/ol>\n<\/li>\n<\/ol>\n<\/li>\n<\/ol>\n\n<p style=\"padding-left: 80px;\">9.4 \u00a0 <span style=\"color: #333333;\"><strong>Diritto di cui all\u2019art.20 Diritto alla portabilit\u00e0 dei dati<\/strong><\/span><\/p>\n<p style=\"padding-left: 80px;\">L&#8217;interessato ha il diritto di ricevere in un formato strutturato, di uso comune e leggibile da dispositivo automatico i dati personali che lo riguardano forniti a un titolare del trattamento e ha il diritto di trasmettere tali dati a un altro titolare del trattamento senza impedimenti da parte del titolare del trattamento.<\/p>\n\n\n<ol start=\"10\"><li><strong><span class=\"has-inline-color has-very-dark-gray-color\">Revoca del consenso al trattamento<\/span><\/strong><\/li><\/ol>\n\n\n\n<p>Le \u00e8 riconosciuta la facolt\u00e0 di revocare il consenso al trattamento dei Suoi dati personali, inviando una raccomandata A\/R al seguente indirizzo: P.zza Sandro Pertini, snc \u2013 03100 Frosinone corredato da fotocopia del suo documento di identit\u00e0, con il seguente testo: &lt;&lt;revoca del consenso al trattamento di tutti i miei dati personali>>. Al termine di questa operazione i Suoi dati personali saranno rimossi dagli archivi nel pi\u00f9 breve tempo possibile.<\/p>\n\n\n\n<p><span class=\"has-inline-color has-very-dark-gray-color\">Se desidera avere maggiori informazioni sul trattamento dei Suoi dati personali, ovvero esercitare i diritti di cui al precedente punto 7, pu\u00f2 inviare una raccomandata A\/R al seguente indirizzo: P.zza Sandro Pertini, snc \u2013 03100 Frosinone. Prima di poterLe fornire, o modificare qualsiasi informazione, potrebbe essere necessario verificare la Sua identit\u00e0 e rispondere ad alcune domande. Una risposta sar\u00e0 fornita al pi\u00f9 presto.<\/span><\/p>\n","protected":false},"excerpt":{"rendered":"<p>Informativa Privacy Informativa ai sensi e per gli effetti di cui all\u2019art. 13-14, Reg UE 2016\/679 (Regolamento Europeo in materia di protezione dei dati personali) Gentile Cliente Desideriamo informarLa che il Reg. UE 2016\/679 (&#8220;Regolamento europeo in materia di protezione dei dati personali&#8221;) prevede la tutela delle persone e di altri soggetti e il rispetto [&hellip;]<\/p>\n","protected":false},"author":1,"featured_media":0,"parent":0,"menu_order":0,"comment_status":"closed","ping_status":"closed","template":"templates\/page-gullwidth.php","meta":{"footnotes":""},"_links":{"self":[{"href":"https:\/\/www.frosinonewireless.it\/frw\/wp-json\/wp\/v2\/pages\/195"}],"collection":[{"href":"https:\/\/www.frosinonewireless.it\/frw\/wp-json\/wp\/v2\/pages"}],"about":[{"href":"https:\/\/www.frosinonewireless.it\/frw\/wp-json\/wp\/v2\/types\/page"}],"author":[{"embeddable":true,"href":"https:\/\/www.frosinonewireless.it\/frw\/wp-json\/wp\/v2\/users\/1"}],"replies":[{"embeddable":true,"href":"https:\/\/www.frosinonewireless.it\/frw\/wp-json\/wp\/v2\/comments?post=195"}],"version-history":[{"count":34,"href":"https:\/\/www.frosinonewireless.it\/frw\/wp-json\/wp\/v2\/pages\/195\/revisions"}],"predecessor-version":[{"id":232,"href":"https:\/\/www.frosinonewireless.it\/frw\/wp-json\/wp\/v2\/pages\/195\/revisions\/232"}],"wp:attachment":[{"href":"https:\/\/www.frosinonewireless.it\/frw\/wp-json\/wp\/v2\/media?parent=195"}],"curies":[{"name":"wp","href":"https:\/\/api.w.org\/{rel}","templated":true}]}}