{"id":343,"date":"2020-05-04T09:26:44","date_gmt":"2020-05-04T07:26:44","guid":{"rendered":"http:\/\/212.35.212.192\/frw\/?page_id=343"},"modified":"2020-05-04T09:48:51","modified_gmt":"2020-05-04T07:48:51","slug":"voip-e-pbx-2","status":"publish","type":"page","link":"https:\/\/www.frosinonewireless.it\/frw\/voip-e-pbx-2\/","title":{"rendered":"VoIP e PBX"},"content":{"rendered":"\n<h2 class=\"wp-block-heading\">VoIP e centralini PBX.<\/h2>\n\n\n\n<p>Stanco di pagare il canone per avere una linea telefonica?<\/p>\n\n\n\n<p>Frosinone Wireless SpA \u00e8 in grado di offrirti una linea telefonica senza canone fisso, attraverso la tecnologia VoIP, con la possibilit\u00e0 di mantenere la precedente numerazione telefonica. Contattaci per avere maggiori informazioni sulle tariffe, sui pacchetti minuti compresi e sul funzionamento del servizio.<\/p>\n\n\n\n<h2 class=\"wp-block-heading\">VoIP (Voice over IP).<\/h2>\n\n\n\n<p>In telecomunicazioni ed informatica, indica una tecnologia che permette di effettuare una conversazione, analoga a quella che si potrebbe ottenere con una rete telefonica, sfruttando una connessione Internet o una qualsiasi altra rete di telecomunicazioni dedicata a commutazione di pacchetto, che utilizzi il protocollo IP senza connessione per il trasporto dati.<\/p>\n\n\n\n<p>Il vantaggio principale di questa tecnologia sta nel fatto che essa elimina l&#8217;obbligo di riserva della banda per ogni telefonata (commutazione di circuito), sfruttando l&#8217;allocazione dinamica delle risorse, caratteristica dei protocolli IP (commutazione di pacchetto). Vengono instradati sulla rete pacchetti di dati contenenti le informazioni vocali, codificati in forma digitale, e ci\u00f2 solo nel momento in cui \u00e8 necessario, cio\u00e8 quando uno degli utenti sta parlando.<\/p>\n\n\n\n<p>Fra gli altri vantaggi rispetto alla telefonia tradizionale si annoverano:<\/p>\n\n\n\n<ul><li>minore costo per chiamata, specialmente su lunghe distanze;<\/li><li>minori costi delle infrastrutture;<\/li><li>nuove funzionalit\u00e0 avanzate;<\/li><li>l&#8217;implementazione di future opzioni non richieder\u00e0 la sostituzione dell&#8217;hardware.<\/li><\/ul>\n\n\n\n<h2 class=\"wp-block-heading\">PBX (Private Branch eXchange).<\/h2>\n\n\n\n<p>Frosinone Wireless SpA, \u00e8 in grado di studiare soluzioni ad hoc per chiunque avesse necessit\u00e0 di implementare per la propria azienda o per il proprio business, una soluzione PBX che soddisfi le proprie esigenze. Possiamo offrire soluzioni in Cloud,  o soluzioni On Premises (installazione dell&#8217;hardware presso la sede del Cliente) con sistemi PBX di ultima generazione in grado di offrire al Cliente una serie di servizi tipici di questo sistema.<\/p>\n\n\n\n<p>Sinonimo di centralino, il termine PBX indica Private Branch eXchange, non \u00e8 altro che un concentratore a cui vengono connessi i terminali telefonici. Sostanzialmente \u00e8 una centrale telefonica per uso privato, principalmente utilizzata dalle aziende, enti, organizzazioni per fornire una rete telefonica interna, tipicamente allacciandola alla rete telefonica generale esterna.<\/p>\n","protected":false},"excerpt":{"rendered":"<p>VoIP e centralini PBX. Stanco di pagare il canone per avere una linea telefonica? Frosinone Wireless SpA \u00e8 in grado di offrirti una linea telefonica senza canone fisso, attraverso la tecnologia VoIP, con la possibilit\u00e0 di mantenere la precedente numerazione telefonica. Contattaci per avere maggiori informazioni sulle tariffe, sui pacchetti minuti compresi e sul funzionamento [&hellip;]<\/p>\n","protected":false},"author":1,"featured_media":0,"parent":0,"menu_order":0,"comment_status":"closed","ping_status":"closed","template":"templates\/page-gullwidth.php","meta":{"footnotes":""},"_links":{"self":[{"href":"https:\/\/www.frosinonewireless.it\/frw\/wp-json\/wp\/v2\/pages\/343"}],"collection":[{"href":"https:\/\/www.frosinonewireless.it\/frw\/wp-json\/wp\/v2\/pages"}],"about":[{"href":"https:\/\/www.frosinonewireless.it\/frw\/wp-json\/wp\/v2\/types\/page"}],"author":[{"embeddable":true,"href":"https:\/\/www.frosinonewireless.it\/frw\/wp-json\/wp\/v2\/users\/1"}],"replies":[{"embeddable":true,"href":"https:\/\/www.frosinonewireless.it\/frw\/wp-json\/wp\/v2\/comments?post=343"}],"version-history":[{"count":5,"href":"https:\/\/www.frosinonewireless.it\/frw\/wp-json\/wp\/v2\/pages\/343\/revisions"}],"predecessor-version":[{"id":348,"href":"https:\/\/www.frosinonewireless.it\/frw\/wp-json\/wp\/v2\/pages\/343\/revisions\/348"}],"wp:attachment":[{"href":"https:\/\/www.frosinonewireless.it\/frw\/wp-json\/wp\/v2\/media?parent=343"}],"curies":[{"name":"wp","href":"https:\/\/api.w.org\/{rel}","templated":true}]}}