{"id":87,"date":"2020-04-09T13:24:09","date_gmt":"2020-04-09T11:24:09","guid":{"rendered":"http:\/\/localhost\/frw\/?page_id=87"},"modified":"2024-03-29T12:59:50","modified_gmt":"2024-03-29T11:59:50","slug":"home","status":"publish","type":"page","link":"https:\/\/www.frosinonewireless.it\/frw\/","title":{"rendered":"Home"},"content":{"rendered":"\n<h2 class=\"wp-block-heading has-text-align-center\">Servizi<\/h2>\n\n\n<div id=\"supsystic-table-1_44192\" class=\"supsystic-tables-wrap \" style=\" width:100%; visibility: hidden; \" data-table-width-fixed=\"100%\" data-table-width-mobile=\"100%\" ><table id=\"supsystic-table-1\" class=\"supsystic-table compact border lightboxImg no-border\" data-id=\"1\" data-view-id=\"1_44192\" data-title=\"homepage\" data-currency-format=\"$1,000.00\" data-percent-format=\"10.00%\" data-date-format=\"DD.MM.YYYY\" data-time-format=\"HH:mm\" data-features=\"[&quot;after_table_loaded_script&quot;]\" data-search-value=\"\" data-lightbox-img=\"\" data-head-rows-count=\"1\" data-pagination-length=\"50,100,All\" data-auto-index=\"off\" data-searching-settings=\"{&quot;columnSearchPosition&quot;:&quot;bottom&quot;,&quot;minChars&quot;:&quot;0&quot;}\" data-lang=\"default\" data-override=\"{&quot;emptyTable&quot;:&quot;&quot;,&quot;info&quot;:&quot;&quot;,&quot;infoEmpty&quot;:&quot;&quot;,&quot;infoFiltered&quot;:&quot;&quot;,&quot;lengthMenu&quot;:&quot;&quot;,&quot;search&quot;:&quot;&quot;,&quot;zeroRecords&quot;:&quot;&quot;,&quot;exportLabel&quot;:&quot;&quot;,&quot;file&quot;:&quot;default&quot;}\" data-merged=\"[]\" data-responsive-mode=\"2\" data-from-history=\"0\" ><thead><tr><th class=\"\" style=\"width:150px; padding: 0 !important;\"><\/th><th class=\"\" style=\"width:150px; padding: 0 !important;\"><\/th><th class=\"\" style=\"width:150px; padding: 0 !important;\"><\/th><th class=\"\" style=\"width:150px; padding: 0 !important;\"><\/th><\/tr><\/thead><tbody><tr style=\"height:px\" ><td data-cell-id=\"A1\" data-x=\"0\" data-y=\"1\" data-db-index=\"1\" class=\"htCenter fsize-14\" data-cell-type=\"text\" data-original-value=\"&lt;a href=&quot;https:\/\/www.frosinonewireless.it\/frw\/freeten-2\/&quot; target=&quot;_self&quot; \/&gt;&lt;img src=&quot;https:\/\/www.frosinonewireless.it\/frw\/wp-content\/uploads\/2020\/04\/famiglia-con-pc-150x150.jpg&quot; class=&quot;stbSkipLazy aligncenter size-thumbnail&quot; width=&quot;150&quot; height=&quot;150&quot; \/&gt;\" data-order=\"&lt;a href=&quot;https:\/\/www.frosinonewireless.it\/frw\/freeten-2\/&quot; target=&quot;_self&quot; \/&gt;&lt;img src=&quot;https:\/\/www.frosinonewireless.it\/frw\/wp-content\/uploads\/2020\/04\/famiglia-con-pc-150x150.jpg&quot; class=&quot;stbSkipLazy aligncenter size-thumbnail&quot; width=&quot;150&quot; height=&quot;150&quot; \/&gt;\" style=\"min-width:150px; width:150px;\" ><a href=\"https:\/\/www.frosinonewireless.it\/frw\/freeten-2\/\" target=\"_self\" \/><img loading=\"lazy\" decoding=\"async\" src=\"https:\/\/www.frosinonewireless.it\/frw\/wp-content\/uploads\/2020\/04\/famiglia-con-pc-150x150.jpg\" class=\"stbSkipLazy aligncenter size-thumbnail\" width=\"150\" height=\"150\" \/><\/td><td data-cell-id=\"B1\" data-x=\"1\" data-y=\"1\" data-db-index=\"1\" class=\"htCenter\" data-cell-type=\"text\" data-original-value=\"&lt;a href=&quot;https:\/\/www.frosinonewireless.it\/frw\/freeten-2\/&quot; target=&quot;_self&quot; \/&gt;&lt;img src=&quot;https:\/\/www.frosinonewireless.it\/frw\/wp-content\/uploads\/2020\/04\/flusso-continuo-del-concetto-di-media-35638709-150x150.jpg&quot; class=&quot;stbSkipLazy aligncenter size-thumbnail&quot; width=&quot;150&quot; height=&quot;150&quot; \/&gt;\" data-order=\"&lt;a href=&quot;https:\/\/www.frosinonewireless.it\/frw\/freeten-2\/&quot; target=&quot;_self&quot; \/&gt;&lt;img src=&quot;https:\/\/www.frosinonewireless.it\/frw\/wp-content\/uploads\/2020\/04\/flusso-continuo-del-concetto-di-media-35638709-150x150.jpg&quot; class=&quot;stbSkipLazy aligncenter size-thumbnail&quot; width=&quot;150&quot; height=&quot;150&quot; \/&gt;\" style=\"min-width:150px; width:150px;\" ><a href=\"https:\/\/www.frosinonewireless.it\/frw\/freeten-2\/\" target=\"_self\" \/><img loading=\"lazy\" decoding=\"async\" src=\"https:\/\/www.frosinonewireless.it\/frw\/wp-content\/uploads\/2020\/04\/flusso-continuo-del-concetto-di-media-35638709-150x150.jpg\" class=\"stbSkipLazy aligncenter size-thumbnail\" width=\"150\" height=\"150\" \/><\/td><td data-cell-id=\"C1\" data-x=\"2\" data-y=\"1\" data-db-index=\"1\" class=\"htCenter\" data-cell-type=\"text\" data-original-value=\"&lt;a href=&quot;https:\/\/www.frosinonewireless.it\/frw\/business\/&quot; target=&quot;_self&quot; \/&gt;&lt;img src=&quot;https:\/\/www.frosinonewireless.it\/frw\/wp-content\/uploads\/2020\/04\/vendere_su_internet-150x150.jpg&quot; class=&quot;stbSkipLazy aligncenter size-thumbnail&quot; width=&quot;150&quot; height=&quot;150&quot; \/&gt;\" data-order=\"&lt;a href=&quot;https:\/\/www.frosinonewireless.it\/frw\/business\/&quot; target=&quot;_self&quot; \/&gt;&lt;img src=&quot;https:\/\/www.frosinonewireless.it\/frw\/wp-content\/uploads\/2020\/04\/vendere_su_internet-150x150.jpg&quot; class=&quot;stbSkipLazy aligncenter size-thumbnail&quot; width=&quot;150&quot; height=&quot;150&quot; \/&gt;\" style=\"min-width:150px; width:150px;\" ><a href=\"https:\/\/www.frosinonewireless.it\/frw\/business\/\" target=\"_self\" \/><img loading=\"lazy\" decoding=\"async\" src=\"https:\/\/www.frosinonewireless.it\/frw\/wp-content\/uploads\/2020\/04\/vendere_su_internet-150x150.jpg\" class=\"stbSkipLazy aligncenter size-thumbnail\" width=\"150\" height=\"150\" \/><\/td><td data-cell-id=\"D1\" data-x=\"3\" data-y=\"1\" data-db-index=\"1\" class=\"htCenter\" data-cell-type=\"text\" data-original-value=\"&lt;a href=&quot;https:\/\/www.frosinonewireless.it\/frw\/voip-e-pbx-2\/&quot; target=&quot;_self&quot; \/&gt;&lt;img src=&quot;https:\/\/www.frosinonewireless.it\/frw\/wp-content\/uploads\/2020\/04\/forum-impresa-voip-150x150.png&quot; class=&quot;stbSkipLazy aligncenter size-thumbnail&quot; width=&quot;150&quot; height=&quot;150&quot; \/&gt;\" data-order=\"&lt;a href=&quot;https:\/\/www.frosinonewireless.it\/frw\/voip-e-pbx-2\/&quot; target=&quot;_self&quot; \/&gt;&lt;img src=&quot;https:\/\/www.frosinonewireless.it\/frw\/wp-content\/uploads\/2020\/04\/forum-impresa-voip-150x150.png&quot; class=&quot;stbSkipLazy aligncenter size-thumbnail&quot; width=&quot;150&quot; height=&quot;150&quot; \/&gt;\" style=\"min-width:150px; width:150px;\" ><a href=\"https:\/\/www.frosinonewireless.it\/frw\/voip-e-pbx-2\/\" target=\"_self\" \/><img loading=\"lazy\" decoding=\"async\" src=\"https:\/\/www.frosinonewireless.it\/frw\/wp-content\/uploads\/2020\/04\/forum-impresa-voip-150x150.png\" class=\"stbSkipLazy aligncenter size-thumbnail\" width=\"150\" height=\"150\" \/><\/td><\/tr><tr style=\"height:px\" ><td data-cell-id=\"A2\" data-x=\"0\" data-y=\"2\" data-db-index=\"2\" class=\"fsize-20 color-fa0000 htCenter bold\" data-cell-type=\"text\" data-original-value=\"FREETEN\" data-order=\"FREETEN\" >FREETEN <\/td><td data-cell-id=\"B2\" data-x=\"1\" data-y=\"2\" data-db-index=\"2\" class=\"fsize-20 htCenter color-fa0000 bold\" data-cell-type=\"text\" data-original-value=\"TWENTYFREE\" data-order=\"TWENTYFREE\" >TWENTYFREE <\/td><td data-cell-id=\"C2\" data-x=\"2\" data-y=\"2\" data-db-index=\"2\" class=\"bold color-fa0000 fsize-20 htCenter\" data-cell-type=\"text\" data-original-value=\"BUSINESS\" data-order=\"BUSINESS\" >BUSINESS <\/td><td data-cell-id=\"D2\" data-x=\"3\" data-y=\"2\" data-db-index=\"2\" class=\"bold color-fa0000 fsize-20 htCenter\" data-cell-type=\"text\" data-original-value=\"VoIP e centralini\" data-order=\"VoIP e centralini\" >VoIP e centralini <\/td><\/tr><tr style=\"height:px\" ><td data-cell-id=\"A3\" data-x=\"0\" data-y=\"3\" data-db-index=\"3\" class=\"bold color-000000 htCenter fsize-14\" data-cell-type=\"text\" data-original-value=\"L&#039;offerta di partenza per navigare da casa senza limiti.\" data-order=\"L&#039;offerta di partenza per navigare da casa senza limiti.\" >L'offerta di partenza per navigare da casa senza limiti. <\/td><td data-cell-id=\"B3\" data-x=\"1\" data-y=\"3\" data-db-index=\"3\" class=\"htCenter bold color-000000\" data-cell-type=\"text\" data-original-value=\"L&#039;offerta ideale per lo streaming.\" data-order=\"L&#039;offerta ideale per lo streaming.\" >L'offerta ideale per lo streaming. <\/td><td data-cell-id=\"C3\" data-x=\"2\" data-y=\"3\" data-db-index=\"3\" class=\"bold color-000000 fsize-14 htCenter\" data-cell-type=\"text\" data-original-value=\"Offerte dedicate alle aziende e ai professionisti.\" data-order=\"Offerte dedicate alle aziende e ai professionisti.\" >Offerte dedicate alle aziende e ai professionisti. <\/td><td data-cell-id=\"D3\" data-x=\"3\" data-y=\"3\" data-db-index=\"3\" class=\"color-000000 bold fsize-14 htCenter\" data-cell-type=\"text\" data-original-value=\"Offerte per il mondo della telefonia IP e centralini studiati per ogni esigenza\" data-order=\"Offerte per il mondo della telefonia IP e centralini studiati per ogni esigenza\" >Offerte per il mondo della telefonia IP e centralini studiati per ogni esigenza <\/td><\/tr><tr style=\"height:px\" ><td data-cell-id=\"A4\" data-x=\"0\" data-y=\"4\" data-db-index=\"4\" class=\"\" data-cell-type=\"text\" data-original-value=\"\" data-order=\"\" ><\/td><td data-cell-id=\"B4\" data-x=\"1\" data-y=\"4\" data-db-index=\"4\" class=\"\" data-cell-type=\"text\" data-original-value=\"\" data-order=\"\" ><\/td><td data-cell-id=\"C4\" data-x=\"2\" data-y=\"4\" data-db-index=\"4\" class=\"\" data-cell-type=\"text\" data-original-value=\"\" data-order=\"\" ><\/td><td data-cell-id=\"D4\" data-x=\"3\" data-y=\"4\" data-db-index=\"4\" class=\"\" data-cell-type=\"text\" data-original-value=\"\" data-order=\"\" ><\/td><\/tr><tr style=\"height:px\" ><td data-cell-id=\"A5\" data-x=\"0\" data-y=\"5\" data-db-index=\"5\" class=\"\" data-cell-type=\"text\" data-original-value=\"\" data-order=\"\" ><\/td><td data-cell-id=\"B5\" data-x=\"1\" data-y=\"5\" data-db-index=\"5\" class=\"\" data-cell-type=\"text\" data-original-value=\"\" data-order=\"\" ><\/td><td data-cell-id=\"C5\" data-x=\"2\" data-y=\"5\" data-db-index=\"5\" class=\"\" data-cell-type=\"text\" data-original-value=\"\" data-order=\"\" ><\/td><td data-cell-id=\"D5\" data-x=\"3\" data-y=\"5\" data-db-index=\"5\" class=\"\" data-cell-type=\"text\" data-original-value=\"\" data-order=\"\" ><\/td><\/tr><\/tbody><\/table><!-- \/#supsystic-table-1.supsystic-table --><\/div><!-- \/.supsystic-tables-wrap --><!-- Tables Generator by Supsystic --><!-- Version:1.10.36 --><!-- http:\/\/supsystic.com\/ --><a title=\"WP DataTables\" style=\"display:none;\" href=\"https:\/\/supsystic.com\/plugins\/wordpress-data-table-plugin\/?utm_medium=love_link\" target=\"_blank\">WP DataTables<\/a>\n\n\n<div class=\"wp-block-image\">\n<figure class=\"aligncenter size-large\"><img loading=\"lazy\" decoding=\"async\" width=\"1024\" height=\"380\" src=\"https:\/\/www.frosinonewireless.it\/frw\/wp-content\/uploads\/2020\/04\/pagina_business-1024x380.jpg\" alt=\"\" class=\"wp-image-275\" srcset=\"https:\/\/www.frosinonewireless.it\/frw\/wp-content\/uploads\/2020\/04\/pagina_business-1024x380.jpg 1024w, https:\/\/www.frosinonewireless.it\/frw\/wp-content\/uploads\/2020\/04\/pagina_business-300x111.jpg 300w, https:\/\/www.frosinonewireless.it\/frw\/wp-content\/uploads\/2020\/04\/pagina_business-768x285.jpg 768w, https:\/\/www.frosinonewireless.it\/frw\/wp-content\/uploads\/2020\/04\/pagina_business.jpg 1200w\" sizes=\"(max-width: 1024px) 100vw, 1024px\" \/><\/figure><\/div>\n\n\n<p><strong>SERVIZI PER I PRIVATI<\/strong><\/p>\n\n\n\n<p>Connettivit\u00e0 Internet WDSL, ADSL, FTTC, FTTH, FWA<br>Smart Home<br>Videosorveglianza<\/p>\n\n\n\n<p><strong>SERVIZI PER LE AZIENDE E LA PUBBLICA AMMINISTRAZIONE<\/strong><\/p>\n\n\n\n<p>Connettivit\u00e0 WDSL, ADSL, FTTC, FTTH, FWA con possibilit\u00e0 di IP tunnel, VPN, connettivit\u00e0 fibra site-to-site<br>Perimetral IT security, Security Assessment, Cloud Backup, Disaster Recovery Solutions<br>Data Recovery<br>GDPR audits<br>Amministrazione e monitoraggio reti IP<br>Realizzazione reti IP strutturate e interconnesse site-to-site o stand alone<br>Soluzioni all in one integrate per smart working<br>Centralini in cloud<\/p>\n\n\n\n<p><\/p>\n","protected":false},"excerpt":{"rendered":"<p>Servizi SERVIZI PER I PRIVATI Connettivit\u00e0 Internet WDSL, ADSL, FTTC, FTTH, FWASmart HomeVideosorveglianza SERVIZI PER LE AZIENDE E LA PUBBLICA AMMINISTRAZIONE Connettivit\u00e0 WDSL, ADSL, FTTC, FTTH, FWA con possibilit\u00e0 di IP tunnel, VPN, connettivit\u00e0 fibra site-to-sitePerimetral IT security, Security Assessment, Cloud Backup, Disaster Recovery SolutionsData RecoveryGDPR auditsAmministrazione e monitoraggio reti IPRealizzazione reti IP strutturate e [&hellip;]<\/p>\n","protected":false},"author":1,"featured_media":0,"parent":0,"menu_order":0,"comment_status":"closed","ping_status":"closed","template":"templates\/page-gullwidth.php","meta":{"footnotes":""},"_links":{"self":[{"href":"https:\/\/www.frosinonewireless.it\/frw\/wp-json\/wp\/v2\/pages\/87"}],"collection":[{"href":"https:\/\/www.frosinonewireless.it\/frw\/wp-json\/wp\/v2\/pages"}],"about":[{"href":"https:\/\/www.frosinonewireless.it\/frw\/wp-json\/wp\/v2\/types\/page"}],"author":[{"embeddable":true,"href":"https:\/\/www.frosinonewireless.it\/frw\/wp-json\/wp\/v2\/users\/1"}],"replies":[{"embeddable":true,"href":"https:\/\/www.frosinonewireless.it\/frw\/wp-json\/wp\/v2\/comments?post=87"}],"version-history":[{"count":36,"href":"https:\/\/www.frosinonewireless.it\/frw\/wp-json\/wp\/v2\/pages\/87\/revisions"}],"predecessor-version":[{"id":401,"href":"https:\/\/www.frosinonewireless.it\/frw\/wp-json\/wp\/v2\/pages\/87\/revisions\/401"}],"wp:attachment":[{"href":"https:\/\/www.frosinonewireless.it\/frw\/wp-json\/wp\/v2\/media?parent=87"}],"curies":[{"name":"wp","href":"https:\/\/api.w.org\/{rel}","templated":true}]}}